is divided by t?
2
Suppose 15 + 21 = 2*g. Calculate the remainder when 87 is divided by g.
15
Let b(y) be the third derivative of 7*y**5/20 - y**4/24 - 3*y**2. Let t = -73 - -132. Calculate the remainder when t is divided by b(1).
19
Let j = 42 + -29. Calculate the remainder when 63 is divided by j.
11
Let u = -7 - -24. Calculate the remainder when u is divided by 5.
2
Let m(b) = -7 + 10*b - 2*b**2 - 1 + b**2 + 3. What is the remainder when 31 is divided by m(8)?
9
Calculate the remainder when (-4 - -2)*-43 - -3 is divided by 18.
17
Let c(d) = -d**3 + 9*d**2 + 11*d. Calculate the remainder when 37 is divided by c(10).
7
Let q(g) = 3*g**3 + 19*g**2 - 3*g - 4. What is the remainder when q(-6) is divided by 24?
2
Suppose -8*k - 11 = -9*k. What is the remainder when k is divided by (-44)/(-10) + (-8)/20?
3
Suppose 3 = -2*s + 11. Suppose -s*v = -11 - 57. Suppose 37 = 4*n + u, -3*u - 2*u - 31 = -4*n. What is the remainder when v is divided by n?
8
Let i be (-30)/(-7) + (-4)/14. Suppose -i*a - 16 = -4*s - 84, 0 = 3*a + 3*s - 39. Let x(k) = 4*k - 3. Calculate the remainder when a is divided by x(3).
6
What is the remainder when (-8816)/(-209) + (-26)/22 + 1 is divided by 22?
20
Let d(u) = -u**2 + 10*u - 7. Calculate the remainder when 35 is divided by d(8).
8
Let b(x) = 3*x**2 + 4*x + 6. Calculate the remainder when 33 is divided by b(-2).
3
Let v = 18 - -38. Suppose 2*h = 2*d + v, 0 = -d - 2*d. Calculate the remainder when h is divided by 15.
13
Suppose 4*i + 5*a - 23 = 0, -2*i - 2*i + 2 = -2*a. Let d = 3 - i. Let l(p) = -2*p**3 + 15*p**2 + 8*p + 2. What is the remainder when l(8) is divided by d?
0
Let i = -16 + 20. Suppose -5*b + 30 = -i*b. Calculate the remainder when b is divided by 8.
6
Let h(y) be the first derivative of -13*y**2 + y - 3. Let s be (2 + -1)/((-3)/3). Calculate the remainder when 53 is divided by h(s).
26
Let x = 26 - 6. Suppose -55 = -5*n + 5*v, 0*n - 2*v = 3*n - 33. Calculate the remainder when x is divided by n.
9
Suppose 2*r + 39 + 131 = 0. What is the remainder when (-4)/(-1)*r/(-20) is divided by 9?
8
Let x(c) = -2*c + 3. Calculate the remainder when x(-6) is divided by (-2 - (-6)/2) + (0 - -3).
3
Suppose 23 = -2*o - 5*c, 5*c + 0*c + 27 = 2*o. Suppose 3*r + 5*w + o = 0, -3*w = -w + 4. What is the remainder when 5 is divided by r?
2
Let z = -29 + 53. What is the remainder when z is divided by 13?
11
Let q be (1 + 0)/((-1)/(-2)). What is the remainder when 405/25 - q/10 is divided by 9?
7
Suppose -17*o + 4 = -15*o. Suppose 4 = 4*m - 0. Calculate the remainder when o is divided by m.
0
Suppose 5*t - 72 = 2*t. What is the remainder when 93 is divided by t?
21
Let u = 1 - -29. Suppose -w = w - u. Calculate the remainder when w is divided by 8.
7
Suppose 4*b + 17 = -5*m, -4*m = -b + m + 27. Suppose -b*c - g = 69, -3*c - c - g - 139 = 0. What is the remainder when (c/2)/(1/(-2)) is divided by 12?
11
Suppose 5*g = n + 2, n - g + 18 = 3*n. What is the remainder when 11 is divided by n?
3
Suppose -96 = -2*b + 3*j + j, 196 = 4*b - 4*j. Suppose -4*n + 114 = -b. Calculate the remainder when n is divided by 15.
11
Let y = 31 + 0. What is the remainder when y is divided by 8?
7
Let h = -437 + 631. Suppose -4*x = -66 - h. Calculate the remainder when x is divided by 22.
21
Suppose -b + 9 = -5*b + g, b = 2*g - 11. Calculate the remainder when (22/(-2))/b + -2 is divided by 3.
0
Suppose 0 = 2*s - 115 - 49. Calculate the remainder when s is divided by 21.
19
Suppose -q + 2*q + 5*m = 5, -3*q + 5*m + 15 = 0. Let y = -10 + 18. What is the remainder when y is divided by q?
3
Suppose -2*w + 5*w = 126. Let n = 65 - w. What is the remainder when n is divided by 12?
11
Suppose -48 = -4*a - 16. What is the remainder when a is divided by 4?
0
Let x be 3*((-8)/(-3) - 1). Suppose -x*q = -u - q + 16, -13 = -u + q. Calculate the remainder when 23 is divided by u.
11
Suppose 2 = o - 3. Suppose -21 = w - 5*q - 9, -2*q = 3*w - 15. What is the remainder when o is divided by (2*w)/(-2 - -4)?
2
Let m(h) = -3*h - 2. Calculate the remainder when ((-47)/(-4))/((-6 - -1)/(-20)) is divided by m(-6).
15
Suppose 0 = 4*q + 2*t - 248, -4*t + 0*t = -5*q + 284. Suppose -2*o = -4*l + q, -2*l + 3*l + 2*o - 25 = 0. What is the remainder when 65 is divided by l?
14
Suppose 3*q - 4 = -3*r + 4*q, 8 = 3*r - 5*q. What is the remainder when 2 - (180/(-3) - r) is divided by 16?
15
Suppose -3*l = -l - 28. What is the remainder when ((-10)/3)/((-1)/12) is divided by l?
12
Suppose s - 2 = -2*m, -4*m - 2 = 4*s - 6. Suppose s = 4*v + 10 - 62. Let b = 33 - -5. What is the remainder when b is divided by v?
12
Let k(p) = 2*p. Let o be k(3). Let t(g) = -g + 4. Calculate the remainder when t(0) is divided by o/21 + (-57)/(-21).
1
Let j = -6 - -8. Suppose -3*g + 5 = j. What is the remainder when 1 is divided by g?
0
Let d = 18 + -7. Let h = 16 - d. Suppose 3*a - 41 = -2*w, -w - 3*w + h*a + 115 = 0. Calculate the remainder when w is divided by 13.
12
Let m(a) = -4*a - 2. Let l be 136/14 - (-10)/35. Let n = -2 + l. Calculate the remainder when m(-4) is divided by n.
6
Suppose -38 = -l + 4*d + 69, 0 = -4*l - 5*d + 428. Calculate the remainder when l is divided by 27.
26
Suppose 3*k + 60 = 7*k. What is the remainder when k is divided by 13?
2
Let z(b) = 2*b**2 + 6*b - 1. Suppose 37 = 3*m - 0*x - 2*x, 0 = x + 5. Calculate the remainder when z(-6) is divided by m.
8
Let i(z) = z**3 - 4*z**2 - z - 3. Let j = 5 - 8. Let q(d) = 2*d**2 + 3*d - 3. What is the remainder when i(5) is divided by q(j)?
5
Suppose -4*t + 19 = 5*b, 4*t = 4*b - 17 - 27. Calculate the remainder when -3 + 0 + 2 - -27 is divided by b.
5
Let d = 2 - 0. Let f be 4/((-16)/(-6))*d. Suppose -q - f = -4. What is the remainder when 1 is divided by q?
0
Suppose 0*c - 3*c = -645. Suppose -5*f + 188 = -4*s, 0*s = 5*f + 5*s - c. Calculate the remainder when f is divided by 14.
12
Let u = -5 - -10. Suppose 5*r + u*p - 130 = 0, 0*p = -3*r + 4*p + 71. What is the remainder when 48 is divided by r?
23
Let o = 180 + -107. What is the remainder when o is divided by 15?
13
Let g = 77 - 12. Suppose 0 = 2*h - g - 53. Calculate the remainder when h is divided by 15.
14
Let j = -42 - -127. Suppose -h + j = 4*h. Calculate the remainder when 31 is divided by h.
14
Suppose 3*c - 3 + 0 = 0. Calculate the remainder when 6 is divided by 1 + -2 + c + 2.
0
Let z = -5 + 9. Suppose 2*b - z - 4 = 0. Calculate the remainder when b is divided by 3.
1
Let q = 271 - 223. What is the remainder when 94 is divided by q?
46
Suppose -y - 40 = -5*y. Let t = y + 1. Calculate the remainder when ((-42)/5)/(20/(-50)) is divided by t.
10
Let y = -27 + 29. Let p = -4 - -6. What is the remainder when 2 + (-9)/(-6)*y is divided by p?
1
Suppose 131 = 3*b + b + 3*w, 4*w = b - 47. What is the remainder when b is divided by 12?
11
Let p(c) = c**2 - 3*c + 10. Let t be p(6). Let h = t + 10. What is the remainder when h is divided by 13?
12
Let y(q) = q**2 - 1. Let z be y(-2). Suppose 51 = 2*a + f, z*a + 5*f - 111 = -a. Calculate the remainder when a is divided by 9.
6
Suppose -3*z = -z - 5*b - 321, 3*z - 2*b = 498. Let p = z + -71. Let r = p + -69. Calculate the remainder when r is divided by 15.
13
Let m be (6/8)/(2/48). Suppose -5*g = 2*y - m, 4*y - g + 2*g = 54. Let h = -72 - -125. Calculate the remainder when h is divided by y.
11
Suppose -2*r + 3*r - 2*y + 1 = 0, r + 2*y - 7 = 0. Suppose -3*l - r = 0, l = -5*s - 744 + 3503. Calculate the remainder when s/20 - (-4)/10 is divided by 15.
13
Let h(v) be the first derivative of v**3/3 + 2*v**2 - 8*v + 2. What is the remainder when 11*3/((-3)/(-1)) is divided by h(-6)?
3
Let i(f) = -f**3 + 6*f**2 + f. Calculate the remainder when 27 is divided by i(6).
3
Suppose -k + 15 = -10. Suppose -3*s + 0 = g + 7, 13 = -g - 5*s. Suppose -i + 39 = g*i. What is the remainder when k is divided by i?
12
Suppose q + 86 = -t + 6*t, 66 = 4*t + 2*q. What is the remainder when 39 is divided by t?
5
Suppose -5*i = 4*k - 2*i - 490, -366 = -3*k - 3*i. Calculate the remainder when k is divided by 32.
28
Let q(j) = -j**3 - 23*j**2 - 20*j + 54. Calculate the remainder when 107 is divided by q(-22).
7
Let t(i) = 6*i**2 + 6*i + 7. What is the remainder when t(-2) is divided by 5?
4
Let j = -19 - -96. What is the remainder when j is divided by 6?
5
Let s = 21 + 2